 is the remainder when m is divided by 24?
22
Calculate the remainder when 1351 is divided by ((2 - -5)/21)/((-1)/(-579)).
0
Suppose 8*k + 3*r = 7*k + 66, 0 = 3*r + 12. Let d = 4 + 3. Suppose -3*y + 75 = 4*h, h + y - 11 - d = 0. Calculate the remainder when k is divided by h.
15
Let u(h) = h**2 + 34*h + 253. Calculate the remainder when 3520 is divided by u(-24).
10
Suppose 2*f = 5*n + 42, 16 = 6*n + 28. Calculate the remainder when 101 is divided by f.
5
Suppose -201*q + 2853 = -4383. Calculate the remainder when 1401 is divided by q.
33
Let d(p) = -p**2 + p + 76. Let a be d(-7). Suppose 0 = 84*v - 79*v - a. Calculate the remainder when -2 + (3 - 1) + 15 is divided by v.
3
Suppose -50*z + 134 = 130 - 446. Let x = -263 + 386. Calculate the remainder when x is divided by z.
6
Suppose 3*b - 2*t + 12 = -6*t, -4*b - 15 = 5*t. What is the remainder when b + (-9)/(-3) + (-36)/(-1) is divided by 6?
3
Suppose -3*l - 2*l + 2*f + 10 = 0, l = 2*f + 10. Suppose 16*k - 215 + 23 = l. Calculate the remainder when 260 is divided by k.
8
Suppose -146*u = -168*u + 110. Suppose 28 = -5*p + 323. Let q = p + -38. What is the remainder when q is divided by u?
1
Let m = 23968 + 5605. Calculate the remainder when m is divided by 93.
92
Suppose -2*h + 3*r = 45 - 368, -486 = -3*h + 3*r. Calculate the remainder when h is divided by 159.
4
Suppose 1798 = 2*h + 2*p + 430, 2*h - p - 1359 = 0. What is the remainder when h is divided by 329?
23
Let m be (-2 - -1)*3/(-6)*218. Suppose -m = -7*n + 185. Suppose 4*h + 14 = n. Calculate the remainder when h is divided by 3.
1
Let h(z) = 2 + z + 14*z + 26 + z**2 + 12*z. Calculate the remainder when 13 is divided by h(-26).
1
Suppose 2 = -o, 9*o - 10*o - 2426 = -4*m. Calculate the remainder when m is divided by 61.
57
Let v = 25 - -3. Suppose 7*k - 3*k = v. Let j = k + 3. What is the remainder when 19 is divided by j?
9
Let m(a) = 4*a + 25. Let d be m(-5). Suppose -d*t + 134 = -91. Calculate the remainder when 83 is divided by t.
38
Let x = -35 + 38. Suppose 0 = -2*a + 5*a - 9. Suppose -5*w + a*d + 41 = -19, 2*w + x*d = 3. What is the remainder when 26 is divided by w?
8
Suppose -2*s + 16 = s - u, s = -3*u + 2. Suppose s*j = 5*i + 245, -2*i - 6 = -5*i. Let n = -36 + j. What is the remainder when n is divided by 7?
1
Let g(w) = -4*w**3 + 3*w**2 + 3*w + 1. Suppose 0 = -11*k + k + 1620. Suppose k - 156 = -3*y. What is the remainder when 153 is divided by g(y)?
36
Suppose 1335 = 103*x - 2991. Let i(v) = -8*v + 8. Calculate the remainder when i(-9) is divided by x.
38
Let d(k) = -k**3 + 3*k**2 - 7*k + 7. Let f be d(-7). Suppose 154 + f = -10*m. Calculate the remainder when 34 is divided by 2*1*(m/(-4))/7.
4
Let w(a) = -a**3 - 7*a**2 - 164*a - 849. What is the remainder when w(-6) is divided by 99?
0
Suppose -4*o + 708 = -2*k, 4*o = o + 3*k + 531. Let c be (15/(-2 - 1))/1. Let l(t) = -8*t + 5. Calculate the remainder when o is divided by l(c).
42
Suppose 42 = -14*k + 112. Suppose -85 = -2*v - 5*h, k*v - 5*h - 123 = 142. What is the remainder when v is divided by 25?
0
Let z = 300 + 92. What is the remainder when z is divided by 18?
14
Let w(h) = h**3 - 2*h**2 + 3*h - 2. What is the remainder when 1310/(-200)*-24 + 2 + (-12)/10 is divided by w(3)?
14
Let r = -5004 + 5588. Calculate the remainder when r is divided by 88.
56
Let a = 10957 + -10395. Calculate the remainder when a is divided by 247.
68
Let r(g) = 363*g - 280. Calculate the remainder when 1736 is divided by r(1).
76
Let f(w) = w + 2. Suppose 2*t - 65 = -155. Let z = -26 - t. What is the remainder when 61 is divided by f(z)?
19
Suppose 8 = -6*d + 140. Calculate the remainder when (-3)/4*8604/(-54)*2 is divided by d.
19
Let v(i) = -i**2 + 39*i - 214. Let c be v(32). Let m(b) = 2*b - 14 - b + 11. What is the remainder when 139 is divided by m(c)?
6
Suppose -167*n = -174*n - 272*n + 3069. Suppose 1 = 4*z - 15, -3*g + 804 = -3*z. What is the remainder when g is divided by n?
8
Let x(l) = -211*l + 6567. What is the remainder when 8703 is divided by x(31)?
19
Suppose 83 - 259 = -5*u + 2*f, -u = -3*f - 30. Let a(q) = q**2 + 10*q + 6. Let t be a(-8). Let g = t + u. What is the remainder when 103 is divided by g?
25
Suppose l = n - 0*n - 23, 2*n - l - 48 = 0. Calculate the remainder when 120/(-140) + 692/7 is divided by n.
23
Let i(h) = 51*h**2 + 35 + 489*h**3 + 50*h - 3 - 488*h**3. Calculate the remainder when 95 is divided by i(-50).
31
Suppose -5*g + 550 = -5*l, -5*l - 140 = -g - 22. Let p(r) = 4*r + 3. Calculate the remainder when g is divided by p(2).
9
Suppose -13018 = 274*t - 297*t. Let k = t + -498. What is the remainder when 124 is divided by k?
56
Let j = 18892 - 18820. Calculate the remainder when j is divided by 10.
2
Suppose 3*u = w - 2687, 3*w - 2770 - 5277 = -5*u. Calculate the remainder when w is divided by 79.
77
Suppose -4*d - 31078 = -34106. What is the remainder when d is divided by 142?
47
Let b = 178 + -175. What is the remainder when 135 is divided by -2 - ((-132)/b - (-25)/(-5))?
41
Suppose -4220 = -111*v + 7657. What is the remainder when 638 is divided by v?
103
Let m(w) = 228*w - 1116. What is the remainder when 400 is divided by m(5)?
16
Suppose 4*q - 8*p - 37 = -3*p, 3*q = 4*p + 29. Suppose m = -4*h - 0 + 37, -4*m = q*h - 83. What is the remainder when 84 is divided by m?
16
Let r(h) = h + 41. Let w be r(-19). Let m = w - 13. What is the remainder when 46 is divided by (-12 + 0)*(-12)/m?
14
Let z(a) = 19*a - 3. Calculate the remainder when 1702/10 - 390/325 is divided by z(2).
29
Let a(y) = y**3 - 26*y**2 + 171*y - 475. Calculate the remainder when 142 is divided by a(18).
10
Let y(u) = 36*u**3 - u**2 + 2*u - 1. Let o = 545 + -199. Suppose 5*q - a = 2*a + o, 2*q = a + 139. Calculate the remainder when q is divided by y(1).
35
Let i be (14/(-4))/(3*(-3)/18). What is the remainder when (i + -37)/(-6) + 42 is divided by ((-16)/3)/((-2)/6)?
15
Let l(f) = -2*f**2 - f**2 + 4*f + 3 - 3 - 2. Let x be l(4). Let o = x + 63. Calculate the remainder when o is divided by 11.
7
Suppose -j = -2*k - 33, 0 = 2*k - 113 + 125. Calculate the remainder when 539 is divided by j.
14
Suppose -d = 5*y + 71 + 94, 4*d + 20 = 0. Calculate the remainder when (-3 + -1)*184/y is divided by 8.
7
Suppose o + 2*o - 5*u = 577, -3*u = -5*o + 983. What is the remainder when o is divided by 182?
17
Let z be (-176)/33*9/2. Let g(m) = -12*m - 196. What is the remainder when g(z) is divided by 49?
43
Let p = -137 + 187. What is the remainder when (38/3)/(1 + (-98)/105) is divided by p?
40
Suppose 2495*l - 128016 = 2423*l. What is the remainder when l is divided by 28?
14
Let s(h) = 157*h + 2019. What is the remainder when 424 is divided by s(-12)?
19
What is the remainder when 15 + (8 + -12 - -3220) is divided by 1071?
18
Suppose -13958 = -20*c - 2958. Calculate the remainder when c is divided by 23.
21
Suppose -22*p + 1796 = -1020. Suppose 325 = 5*x - 5*v, 2*v + 61 = x - 3*v. Calculate the remainder when p is divided by x.
62
Suppose 0 = -5*s + 49 + 51. Suppose -17*w + s = -12*w. Calculate the remainder when (4/10)/((-2)/(-70)) is divided by w.
2
Suppose -17*p - 98 + 382 = -243. Calculate the remainder when 609 is divided by p.
20
Let u(h) = h**2 - 3*h - 3. Let s be u(5). Suppose 31 = 8*r - s*r. Let d(k) = 5*k**3 - 44*k**2 - 5*k + 23. Calculate the remainder when d(9) is divided by r.
28
Suppose -5*v + 752 = -3*x + 67, -4*v + 5*x + 548 = 0. What is the remainder when v is divided by 18?
11
Suppose 3*h = 12, -n = 2*h - 0 - 10. Suppose -5*x + 3*q = n*q - 215, 178 = 4*x - 2*q. Calculate the remainder when x is divided by (-5 - -9) + 0 + 4 + 630/42.
19
Suppose s = -2*s + 4*s. Suppose s = -8*k - 5*k + 156. What is the remainder when 33 is divided by k?
9
Suppose 853 = 74*b - 7200 - 1345. Calculate the remainder when 304 is divided by b.
50
Let o(m) = m**3 - 6*m**2 + 5*m + 5. Suppose 90*f - 3*f = 13*f + 1184. Calculate the remainder when f is divided by o(5).
1
Let d = -36 + 41. Let w be 1 + 39 + 6/3. Let k = 56 - w. What is the remainder when k is divided by d?
4
Let f = -4401 + 4802. Calculate the remainder when f is divided by 147.
107
Let h = 60262 - 39912. Calculate the remainder when h is divided by 128.
126
Suppose 28*p - 2091 = -13*p. Suppose -32214 = 12*m - p*m. Calculate the remainder when